3015656.
56
What is the greatest common divisor of 126212 and 846256?
908
Calculate the greatest common factor of 11825 and 295195.
215
What is the greatest common divisor of 744396 and 14988?
12
What is the greatest common factor of 1187664181 and 83?
83
Calculate the greatest common factor of 4455 and 3071805.
165
Calculate the greatest common factor of 162 and 293688.
18
What is the highest common factor of 48425 and 23542?
149
What is the highest common divisor of 6192344 and 180776?
3064
What is the greatest common divisor of 10425 and 508601?
139
What is the highest common factor of 16805310 and 2850?
570
What is the greatest common divisor of 45974950 and 35?
35
What is the highest common divisor of 874586564 and 1264?
316
Calculate the greatest common divisor of 4064882 and 582.
194
What is the highest common factor of 207580704 and 25461?
2829
What is the greatest common divisor of 177 and 209905539?
177
Calculate the highest common factor of 433 and 16383.
1
What is the highest common divisor of 157532355 and 4815?
4815
What is the greatest common factor of 173342 and 1010906?
1534
What is the highest common factor of 506957 and 28237?
187
What is the greatest common divisor of 628224 and 1227?
1227
Calculate the highest common factor of 40165934 and 13974.
4658
What is the greatest common divisor of 2 and 7018632?
2
What is the highest common divisor of 6650 and 2082248?
266
Calculate the greatest common factor of 3630 and 144343980.
330
Calculate the greatest common divisor of 4303052 and 21892.
52
Calculate the greatest common factor of 1275 and 4497500.
25
Calculate the greatest common divisor of 940320 and 54240.
480
What is the highest common factor of 72896 and 56347?
67
Calculate the highest common divisor of 601426 and 2926.
266
Calculate the greatest common factor of 199 and 54257549.
199
What is the highest common divisor of 232548654 and 438?
438
Calculate the highest common factor of 2327803695 and 35.
35
Calculate the highest common divisor of 84691079 and 44.
11
What is the highest common factor of 26216 and 1363?
29
Calculate the highest common factor of 429 and 371062263.
429
What is the highest common divisor of 15144 and 2709514?
1262
What is the greatest common divisor of 9750 and 32091150?
1950
Calculate the highest common divisor of 500112 and 6768.
144
Calculate the greatest common factor of 32640 and 329040.
240
What is the highest common divisor of 5106 and 3388314?
138
Calculate the greatest common divisor of 1739492169 and 951.
951
What is the highest common factor of 135345 and 355?
5
Calculate the highest common factor of 43366240 and 24104.
1048
What is the highest common factor of 7460946 and 1044?
522
Calculate the greatest common divisor of 18526 and 312818.
118
What is the highest common divisor of 1335 and 2453130?
15
What is the highest common divisor of 3722718 and 56442?
2454
Calculate the greatest common divisor of 22533624 and 225.
9
Calculate the greatest common factor of 170 and 74580530.
170
Calculate the highest common divisor of 8490646 and 16047.
1783
Calculate the greatest common divisor of 70 and 4018540.
10
What is the highest common divisor of 7312544 and 24?
8
What is the highest common factor of 884701 and 85045?
233
Calculate the greatest common divisor of 2596 and 31034531.
649
Calculate the greatest common factor of 738664586 and 4114.
4114
What is the highest common factor of 1417894900 and 26512?
6628
What is the highest common factor of 46656596 and 28?
28
What is the highest common divisor of 13481640 and 9120?
2280
What is the highest common divisor of 732 and 125983971?
183
What is the greatest common factor of 117 and 17019900?
9
What is the greatest common divisor of 764547 and 28371?
147
What is the highest common factor of 26353647 and 11529?
1647
What is the greatest common divisor of 138 and 123204?
6
Calculate the highest common factor of 2791763 and 1495.
299
Calculate the highest common divisor of 5272488 and 334836.
4716
Calculate the highest common factor of 271348405 and 1217.
1217
What is the greatest common factor of 4945 and 8115820?
215
Calculate the greatest common divisor of 2751546 and 526014.
1146
Calculate the greatest common divisor of 137259551 and 9373.
1339
What is the highest common factor of 6625786224 and 16?
16
Calculate the highest common factor of 44234415 and 193230.
5085
Calculate the highest common divisor of 5112 and 372827106.
1278
What is the greatest common factor of 6157363 and 3?
1
Calculate the greatest common divisor of 7184293 and 35807.
587
What is the greatest common divisor of 756139630 and 410?
410
What is the highest common factor of 10505 and 3028305?
955
Calculate the highest common divisor of 240 and 32664.
24
What is the highest common divisor of 10077961 and 94582?
2489
What is the highest common factor of 199088726 and 19?
19
Calculate the greatest common factor of 170 and 3398170.
10
Calculate the greatest common factor of 37836659 and 623.
623
Calculate the greatest common factor of 221784 and 12648.
24
Calculate the greatest common divisor of 2636924 and 2.
2
Calculate the highest common divisor of 405 and 19954953.
9
What is the highest common divisor of 349184 and 2172852?
1364
Calculate the highest common factor of 1050 and 4225130.
70
What is the greatest common divisor of 121547 and 166?
1
Calculate the highest common factor of 981703 and 2.
1
What is the highest common divisor of 18955060 and 1460?
20
What is the highest common factor of 713628 and 192?
12
Calculate the highest common factor of 42 and 641735430.
42
What is the highest common divisor of 43767525 and 29?
29
What is the highest common factor of 31994 and 142732?
34
Calculate the highest common divisor of 187 and 3735971.
17
What is the highest common divisor of 3407751 and 21789?
81
Calculate the greatest common factor of 92740 and 208.
4
What is the greatest common factor of 255513432 and 73?
73
Calculate the greatest common factor of 30084790 and 2755.
95
What is the highest common factor of 50 and 4222?
2
What is the highest common divisor of 14053908 and 36?
12
What is the highest common divisor of 585 and 2683330?
65
Calculate the greatest common factor of 35392 and 3184174.
1106
Calculate the greatest common divisor of 209783821 and 1443.
481
What is the greatest common divisor of 18823727 and 612963?
5239
Calculate the highest common divisor of 19075 and 112325.
25
Calculate the highest common divisor of 13831775 and 325.
25
What is the greatest common divisor of 56732 and 181064?
52
What is the highest common divisor of 1677 and 183524?
43
Calculate the highest common divisor of 873194 and 5628.
14
Calculate the greatest common divisor of 427257 and 6525.
261
Calculate the greatest common divisor of 69 and 3003204.
3
Calculate the highest common factor of 11493902 and 23976.
74
What is the highest common factor of 186349376 and 2006?
2006
What is the highest common factor of 1286622 and 78?
6
What is the greatest common divisor of 7018896 and 1860?
372
Calculate the highest common factor of 284625 and 5428575.
5175
What is the highest common divisor of 11242525 and 30232?
3779
Calculate the greatest common divisor of 35858895 and 45.
15
Calculate the highest common factor of 351498 and 567.
21
Calculate the greatest common factor of 41 and 18044141.
41
What is the highest common divisor of 51243 and 3589707?
2697
Calculate the highest common divisor of 448 and 209342.
14
Calculate the highest common divisor of 13305 and 282233643.
2661
Calculate the greatest common factor of 4719 and 2815619664.
4719
What is the greatest common factor of 95774 and 3010?
14
Calculate the greatest common divisor of 378 and 42291522.
126
What is the highest common divisor of 6150 and 43748025?
3075
What is the greatest common divisor of 17085171 and 10269?
489
What is the greatest common divisor of 3920644 and 8372?
364
Calculate the greatest common factor of 49648 and 1190054.
214
What is the greatest common factor of 2349809 and 9779?
77
What is the highest common factor of 38540580 and 28080?
780
What is the greatest common factor of 7541175 and 75?
75
What is the greatest common divisor of 4749623 and 642?
107
What is the greatest common divisor of 34